 6/(-2) + 83 - 3?
7
Suppose -21 = -5*t + 164. What is the tens digit of t?
3
Suppose -2*j + 25 = 5*o + 3*j, -9 = -o - 3*j. Suppose -2*y = -o*y + 21. Let g = y + -12. What is the units digit of g?
9
Suppose 8*i = 6*i - 24. Let f = 9 - i. What is the tens digit of f?
2
Suppose 0 = -o - 4*a - 20, o - 4 = a + a. Let n be (1*(-2 - o))/1. Suppose 5 + 3 = u - n*g, -2*u + 16 = -g. What is the units digit of u?
8
Suppose -6*p + 442 = -4*p. What is the units digit of p?
1
Let d(z) = z**2 + 3*z + 14. What is the units digit of d(-6)?
2
Let u(w) = w**2 + 5*w - 3. Let o be u(-6). Suppose p - o*p + 8 = 0. What is the units digit of p?
4
Suppose -2*a + g + 81 = 0, 2*g + 45 = 2*a - a. What is the tens digit of a?
3
Let j(s) be the second derivative of s**4/6 - 5*s**3/6 + s**2 + 3*s. Let f be j(3). Suppose f*n = 3*x + 67, 3*n - 2*x = 2*x + 38. What is the tens digit of n?
1
Let c(t) be the first derivative of -6*t**2 - 2*t + 4. What is the units digit of c(-2)?
2
Suppose 5*b + r - 137 = 4*b, 2*r = 5*b - 657. What is the tens digit of b?
3
What is the units digit of (-2)/((-75)/24 + 3)?
6
What is the units digit of ((-4)/10 - (-27)/(-45))*-5?
5
Suppose 157 = -12*w + 649. What is the units digit of w?
1
Let g(u) = -u**3 - 2*u**2 - 2*u - 2. Let s be g(-2). Suppose 5*m = -s*t - 2*t + 120, 4*m = -5*t + 105. What is the units digit of m?
0
Suppose -4*q = -69 + 17. What is the tens digit of q?
1
Suppose v + 2*f + 534 = 4*v, 3*v + 3*f - 534 = 0. What is the units digit of v?
8
Let a = -52 + 31. What is the units digit of (1 - -27)*(-18)/a?
4
Suppose 6 = j + 3*c, 3*j - 8*j = 4*c - 30. Let r = j + 1. What is the units digit of r?
7
Suppose -5*p - 18 = -93. Suppose 5*v - 115 - p = 0. What is the tens digit of v?
2
Suppose 4 - 6 = -2*l, -2*k = l - 43. What is the units digit of k?
1
Let u(i) = 5*i**2 + 4*i + 8. What is the hundreds digit of u(7)?
2
What is the tens digit of -3 + (-1)/(-1) + (-95)/(-1)?
9
Suppose -2 - 1 = -3*t. What is the units digit of (2 + t - 11)/(-2)?
4
Suppose -4 = -3*b + 44. Let u = b + -2. What is the units digit of u?
4
Let x(h) = h**3 + 10*h**2 + 9*h - 13. Let g be x(-9). Let z = g - -24. What is the tens digit of z?
1
Let n(g) = g**3 - 6*g**2 + 4. Let i be n(6). Suppose 4*o = 0, i*h = 5*o - 0 - 4. Let v = h - -8. What is the units digit of v?
7
Let f(m) = m - 3. Let z be f(13). What is the units digit of (8/z)/(2/15)?
6
Let v(a) = a**2 + 3*a + 4. Let q be v(-4). Let s(r) = r - 6. Let h be s(q). Suppose -h*d + 35 = 3*d. What is the units digit of d?
7
What is the units digit of (-42*-2*(-4)/(-16))/1?
1
Suppose -4 = 3*j - 13. Suppose -4*c = 3*o - 34, 26 = 4*c - j*o - 20. Suppose -x + c = 2. What is the units digit of x?
8
Let l(u) = u**2 - u + 22. What is the units digit of l(-7)?
8
Let k = 2 + -6. What is the units digit of (-216)/(-21) - k/(-14)?
0
Let x = -23 + 72. What is the tens digit of x?
4
What is the tens digit of (26 - 2)*(-4)/(-8)?
1
Let v = 18 - 56. Let o = v + 24. What is the units digit of (-3)/(-3 - 36/o)?
7
Let z(t) = -t**2 + 5*t + 6. Let j be z(-4). What is the units digit of (j/(-7))/((-3)/(-21))?
0
Let t(q) = -q**3 - 3*q**2 - 2*q - 4. Let u be t(-3). Suppose 0 = d - c + 5 - 20, 5*c = u*d - 39. What is the tens digit of d?
1
Let p = 4 - 1. Let y(i) = i**3 - 6*i**3 + i + 6*i**p. What is the tens digit of y(2)?
1
Suppose -78 - 20 = -2*j. What is the units digit of j?
9
Suppose 254 = 4*h - 18. Suppose -5*z + z + h = 0. What is the units digit of z?
7
Let l(h) = -2 + 29*h**2 + 3 + 3 - 3. What is the units digit of l(-1)?
0
Let k(g) = 3*g**2 + 7*g + 5. What is the tens digit of k(-4)?
2
Suppose -5*d = -17 - 83. What is the tens digit of d?
2
Let s = 124 - 32. What is the units digit of s?
2
Suppose 25 = -5*d - 5*h, h + 3*h + 16 = 0. Let z(j) be the third derivative of -3*j**4/8 - j**3/6 + 2*j**2. What is the units digit of z(d)?
8
Let v(t) = -t**2 - 12*t - 10. Let r be v(-11). What is the tens digit of (r + -27)*(-3)/6?
1
Suppose -2*v - 2*v - 12 = 0. Let a = v - -5. Suppose -18 = -3*i - a*o + 6, 0 = 5*i - 4*o - 40. What is the units digit of i?
8
Let n(s) = 4*s**2 + 4*s + 2. What is the units digit of n(3)?
0
Suppose 5*i = -0*i. Suppose -d + 6 - 1 = 0. Suppose i*n + 16 = 2*n + 2*w, 5 = d*w. What is the units digit of n?
7
Let i be (18/(-24))/(2/(-8)). Suppose i*b - 4*b + 14 = 0. What is the tens digit of b?
1
Let o(s) = 2*s**2 - 5*s + 6. What is the units digit of o(4)?
8
Suppose -2*t + t + 4*a + 84 = 0, t = 2*a + 76. What is the tens digit of t?
6
What is the units digit of 10*(-3 + 134/4)?
5
Let i(n) = 16*n**3 - 2*n**2 - 2*n - 1. Let q be i(-1). Let b = -9 - q. What is the units digit of b?
8
Suppose 2*m = m + 16. What is the units digit of m?
6
Let s = 9 + 32. What is the units digit of s?
1
Let q(g) = 31*g - 8. What is the tens digit of q(5)?
4
Suppose -4*c + 12 - 28 = 0. What is the units digit of ((-6)/(-4))/((-3)/c)?
2
Suppose -3*z + 11 + 25 = 0. What is the tens digit of z?
1
Suppose 0 = -2*q + h - 65, -5*q = 4*h + 134 + 9. Suppose 2*c + 4*x + 74 = -c, 0 = -2*c - 3*x - 51. Let b = c - q. What is the units digit of b?
3
Suppose 160 = -11*q + 13*q. What is the tens digit of q?
8
Let u = 26 + -10. Suppose -10 - u = -2*m. What is the units digit of m?
3
What is the units digit of 22 - (3 - 2 - 2)?
3
Let w be (-1*10)/(-2)*1. Suppose 3*v = w*m - 152, 0 = -4*m + 3*v - 5*v + 104. Let t = -20 + m. What is the units digit of t?
8
Suppose 0 = 5*b + 5*z - 10, 5 = z - 0. Let j(a) = 3*a**2 + 5. What is the tens digit of j(b)?
3
What is the tens digit of (-6)/2 - (-159 + -5 - 1)?
6
Let k be 2/((-2)/4*-1). Let y = -3 - -5. Suppose y*c - k*c = -4. What is the units digit of c?
2
Let p(i) = -6 + 7*i + 3*i - 2*i + 0*i. What is the tens digit of p(4)?
2
Let p(j) = -2*j + 1. Let a be 126/12*(-4)/6. Let g be p(a). Suppose -z = -g + 3. What is the units digit of z?
2
Suppose 4*f = -3*i - 3, -3*i - 3*f = -0*f + 6. Let l = i - -8. Suppose d + 30 = l*n, 2*n - 4*d = -0*n + 20. What is the units digit of n?
0
Let p = -13 + 24. Let w = -5 + p. What is the units digit of 51/9 - (-2)/w?
6
Let l(c) = -c**3 + 5*c**2 - c + 7. Let q be l(5). Suppose j = -f - q*f + 11, -4*f + 12 = 0. What is the units digit of j?
2
Let r(j) = -j**3 + 9*j**2 + 2*j - 13. Let k be r(9). Suppose 52 = 4*u - k*x, x - 2 + 6 = 0. Suppose -u - 4 = -f. What is the tens digit of f?
1
Suppose -4*n = -2*w - 332, -n - 3*w = 2*n - 240. What is the tens digit of n?
8
Let l(a) = 19*a**3 + a - 1. Let b be l(1). Suppose 5*c - b - 1 = 0. What is the tens digit of (3 + c)*(2 + 0)?
1
Let z(j) = 4*j**3 + j**2 + 2*j. Let q be z(2). Let u be q/8*4/10. Suppose 0 = 5*b + 2*t - 56, 1 = 3*b + u*t - 31. What is the tens digit of b?
1
Let i(r) = 2*r**3 - 2*r**2 - 8*r - 1. What is the tens digit of i(4)?
6
Suppose 4*w + 1 - 25 = 0. Suppose w = -0*f + 2*f. What is the units digit of f?
3
Let m = -27 - -36. What is the units digit of m?
9
What is the tens digit of 2 + 35 + 1 + 4/(-2)?
3
What is the tens digit of 27 + (3/(-5) - (-32)/20)?
2
Let y = 40 + -20. What is the units digit of y?
0
Let m(p) = p**3 + 9*p**2 + 15. What is the units digit of m(-9)?
5
What is the units digit of (-35)/10*58/(-7)?
9
Let d(b) = 3*b**2 + 2. What is the tens digit of d(-4)?
5
Let r(b) = 4*b**2 - 2*b. What is the units digit of r(-2)?
0
Suppose 4*s - 20 = -4*f, 5*s + 14 = 4*f + 3*s. Let g be ((-12)/(-8))/(9/(-12)). Let d = f + g. What is the units digit of d?
2
Suppose -f - 3*f = 4*b, -4*f - b = -9. Suppose f*x - s = 2, -5*x + 0*s = 5*s - 30. What is the units digit of x?
2
Let v(b) be the first derivative of -b**6/360 - 7*b**5/120 + b**4/4 - b**3/3 - 2. Let q(o) be the third derivative of v(o). What is the tens digit of q(-5)?
1
Suppose 39 = 5*r - 156. What is the units digit of r?
9
Let q(a) = 2*a**2 - 5*a - 4. Let m(w) = -w**2 - 9*w - 9. Let y be m(-7). What is the tens digit of q(y)?
2
Let w(s) = -4*s + 6*s - 5*s + 1 - 15. What is the tens digit of w(-12)?
2
Suppose -p + 2*j = -157, -p - 2*j = -3*j - 155. What is the tens digit of p?
5
Let x(q) be the third derivative of q**4/24 + q**3/6 + 2*q**2. Let w be x(0). Let p = w + 2. What is the units digit of p?
3
Let a be -5*(-1 + 177/(-15)). Suppose 5*v + 118 = 4*j, 2*j = -0*j + 5*v + a. What is the tens digit of j?
2
Let c(y) = 4 - y**3 - y**2 - y + 2 + 0*y**2. What is the u